12*v**2 - 4*v + 2. Is y(-13) composite?
False
Let s(j) = -j - 8. Let p be s(-8). Suppose w - 27 + 8 = p. Is w a composite number?
False
Suppose -3*q - 93 = -5*q - 5*f, -210 = -5*q - 5*f. Is q a composite number?
True
Let c = 13 + -8. Suppose -3*z - c*h + 303 = -2*h, -3*h - 15 = 0. Is z/(2/(-3)*-3) a prime number?
True
Let i(s) = -3*s - 6. Let j be i(-3). Suppose 2 = -q, j*w - 3*q - 88 = 2*q. Is w composite?
True
Let s(f) = f**3 + 3*f**2 + f + 3. Let l be s(-4). Let x = 54 + l. Is x composite?
False
Suppose -8*x + 3*x = 1635. Is ((-12)/18)/(2/x) a composite number?
False
Let g = 13 + -4. Suppose -g = -2*i - 1. Is (i/3)/(4/114) a composite number?
True
Suppose 2*f = -1 + 5. Suppose l = -f*l. Suppose l = -5*v + 24 + 171. Is v a composite number?
True
Let a(i) = i**3 + 15*i**2 - 9*i + 24. Is a(-13) a prime number?
True
Let z be (1 - 0)/(4/92). Let v(d) = -7*d + 2*d + 4*d + z + 0*d. Is v(0) a prime number?
True
Let x(f) be the second derivative of -f**5/20 + 5*f**4/12 - 2*f**3/3 + f**2 + 3*f. Let r be x(4). Suppose 9 = o + r. Is o prime?
True
Let t(w) = -w**3 - 9*w**2 + 9*w - 7. Let g be t(-11). Suppose g = d - 21. Is d composite?
False
Let a(y) = -y**3 - 2*y**2 - 3*y - 3. Let k be a(-2). Suppose 2*o - 105 = -3*l - 3*o, 2*l - 70 = k*o. Is l prime?
False
Is (-3)/7 - (-6485)/7 composite?
True
Let n(u) = -u**3 + 3*u**2 + 3*u + 4. Let y be n(4). Suppose -3*g + t = 23, g + 2*t + 17 = -y*t. Let i(j) = j**2 - 2*j - 2. Is i(g) a prime number?
True
Let c(j) = 10*j + 6*j**2 + 0 + 5 - 2*j. Let r be c(-7). Let d = -124 + r. Is d prime?
False
Let m(u) = u**2 - 12*u + 14. Let a be m(11). Suppose 6*x = a*x + 21. Is x composite?
False
Let p = 170 - 119. Is p a prime number?
False
Let o be 10280/30 + 2/6. Suppose -3*h + s + o = -0*s, 5*s = 4*h - 472. Is h composite?
False
Let w be 1/3 - (-113)/3. Let k(y) = 1 + 0*y**2 - 2*y**2 + w + y**2. Is k(0) a composite number?
True
Let o(d) = 6*d**2 - 17*d + 2. Is o(-27) a composite number?
True
Let k(v) = v**2 - 5*v + 1. Let n be k(6). Let m = 10 - n. Suppose -5*o - 380 = -5*x, -x = m*x + 2*o - 310. Is x a prime number?
False
Let f(w) = w + 9. Let d(y) = -y**2 + 5*y - 5. Let q be d(5). Let s be f(q). Suppose -g = -3*g - s*b + 390, -5*b = -25. Is g a prime number?
False
Let z = 26 - 15. Is z a prime number?
True
Suppose 90 = 3*i - 147. Is i composite?
False
Let l = 1013 - 719. Suppose -3*f + l = 63. Is f a prime number?
False
Let n(k) = -13*k + 1. Suppose 0 = -2*z + 4*x + 14, 3*z + 3*x + 2 + 13 = 0. Let h be (0 - z)*(3 + -9). Is n(h) a prime number?
True
Let z be (-722)/6 + (-2)/(-6). Let k be ((1 - -2) + -1 + -71)*-3. Let n = z + k. Is n prime?
False
Let p = -106 + 212. Is p prime?
False
Let u be (4/5)/(4/20). Suppose 5*r - 5 = -3*k, 0*r + 2*r + u = 0. Suppose 51 = k*c - 134. Is c prime?
True
Let g(x) = x**3 + 7*x**2 + 8*x + 5. Let n be g(-6). Let a = 11 + n. Is a composite?
True
Suppose -p = -2*p. Suppose p = -3*v - 3*f + 198, -4*f - f = 25. Is v a prime number?
True
Suppose -i + 10 = i. Let m(k) be the third derivative of k**6/120 + k**5/15 - k**3/3 + 4*k**2. Is m(i) a composite number?
False
Let g(w) = w**2 + 2*w - 3. Is g(14) composite?
True
Let n(s) = 6*s**3 + 2*s**2 - s. Let m be n(1). Let d = m + -4. Suppose -2*v = u - 4*u + 163, -d*u + 4*v = -167. Is u prime?
True
Suppose -q = -63 + 14. Is q composite?
True
Suppose j - 29 = f, 0 = f + 2*f + 4*j + 101. Let d = 88 + f. Is d prime?
False
Let w = 136 - 38. Let p = -47 + w. Is p composite?
True
Let n(j) = 209*j + 2. Is n(1) composite?
False
Suppose -2*p - 2*d + 194 = 0, 0 = -p - 4*d + d + 91. Suppose 4*k - 532 + 153 = -3*x, k = x + p. Is k prime?
True
Let p = 24 + -13. Suppose -5*v = -5*n + 85, 5*n = 3*v + 33 + 62. Let a = n - p. Is a prime?
True
Let i be 52 + -1 + -3 + 2. Let u be 0*(4/2)/4. Suppose 5*g - 259 = 2*o, u = -g + 3*o - 2*o + i. Is g prime?
True
Let w be 0 - (3 + -1 + 0). Let p(v) = -114*v**3 - 3*v**2 + 4*v + 4. Let g(z) = 38*z**3 + z**2 - z - 1. Let k(s) = w*p(s) - 7*g(s). Is k(-1) a composite number?
False
Suppose 4*c - z + 13 = 121, -5*c = z - 126. Is c a prime number?
False
Let n(h) = -h - 4. Let u be n(-4). Suppose -4*t - t + 230 = u. Is t composite?
True
Suppose -4*x - 5*g = -1358, 2*x + 0*g - 668 = 3*g. Is x composite?
False
Let b(o) be the second derivative of o**4/12 - 4*o**3/3 + 4*o**2 + 4*o. Is b(-9) a prime number?
False
Let q(p) = p - 3. Let i be q(3). Suppose -6*c + 2*c + 28 = i. Let x = c + -4. Is x a prime number?
True
Let h = -4 + 109. Suppose -8*c = -3*c - h. Is c a prime number?
False
Let j be (8/6)/((-1)/(-3)). Let q be -3 + 1 + (-59 - j). Let l = -28 - q. Is l a prime number?
True
Suppose -2 = -z + 3*z. Is (-28)/(-8)*(z - -3) a prime number?
True
Let m be 187 - (1 + -1 - -3). Suppose -3*h + 14 = -m. Let n = h + -29. Is n composite?
False
Suppose -2*f + 8 = 0, 0*p + 771 = p - 5*f. Is p composite?
True
Let v(f) = -22*f + 1. Is v(-3) a composite number?
False
Let m be (-11)/((6/2)/3). Let u = m + 11. Suppose u = -2*w + 74 + 280. Is w composite?
True
Let p = -22 + 13. Let v(x) = 3*x**2 + 13*x + 1. Is v(p) a prime number?
True
Suppose -2*u = u + 3. Let r(l) = 1 - 16*l - 7*l - 27*l. Is r(u) prime?
False
Let d = -195 + 350. Is d a prime number?
False
Is ((-11690)/8)/(-5) + (-6)/(-8) prime?
True
Suppose -29 = x + 101. Let t = 187 + x. Is t a prime number?
False
Let n(k) = -36*k + 3. Let d be -1*6*(-3)/(-6). Is n(d) a composite number?
True
Let k = 12648 + -8705. Is k composite?
False
Let y be (-2 + -1)*(-46)/6. Suppose n + 4*a + 38 = 2*n, a - y = -n. Let w = 48 - n. Is w prime?
False
Suppose -80 = -2*k - 3*k. Suppose 2*f = 2*t + 6*f - 70, 0 = -4*f - k. Let h = t + -20. Is h prime?
True
Suppose 4*r + 3*l = 1178, r - 40 = -l + 255. Is r composite?
False
Let k = -84 - -463. Is k a prime number?
True
Let l(c) be the second derivative of 8*c**4/3 - c**3/3 + c**2/2 + 2*c. Suppose 3*k - 4 = -1. Is l(k) a prime number?
True
Is (14/(-4))/(1/(-26)) prime?
False
Suppose 5*c + 5*l - 5270 = 0, -3*c + 3*l + 3959 - 827 = 0. Let n = c - 702. Is n prime?
True
Suppose y - 1 + 16 = 0. Let g = -11 - y. Suppose -5*u - i + 107 = 0, 2*i - 25 = -5*u + g*u. Is u a composite number?
True
Let h(g) = 39*g - 4. Let l be (-3)/5 - 4/10. Let b be ((-12)/2)/(-1 + l). Is h(b) a prime number?
True
Let r(h) = -5 + 46*h + 11 - 17*h + 12*h. Is r(5) composite?
False
Let i(b) = b**3 + 10*b**2 + 9*b + 7. Let k(r) = r**3 - r + 4. Let y be k(0). Suppose 0 = 2*u + 2*d - 7*d + 43, 0 = 2*u + y*d - 2. Is i(u) prime?
True
Suppose 5*z = 4*g - 2, z + 2 = -z + 2*g. Suppose 3*s - 486 = 3*y, 329 = 2*s - 3*y + z*y. Let l = s + -80. Is l a composite number?
True
Suppose -5*r = -0*r - 275. Is r composite?
True
Is 37289/35 - -1 - (-6)/10 a prime number?
False
Suppose -2*j - 3*j = b - 2305, -5*j - 11405 = -5*b. Is b a composite number?
True
Is (-2)/17 - (-137316)/204 a composite number?
False
Suppose 5*r = -0*r. Let x = 2 - r. Suppose 47 = u - x*v, -2*v = -4*u + 69 + 125. Is u a prime number?
False
Let a(g) = -g**2 + g + 2. Let z be a(0). Suppose -z*j = -7*j + 255. Is j a composite number?
True
Let k be (-2)/(-4)*-2 + 769. Suppose n - 195 = 3*j - k, -2*j + 5*n + 369 = 0. Let h = j + -79. Is h prime?
True
Suppose -3*a - 24 = -66. Is a/56 - (-1035)/4 prime?
False
Suppose 54*k + 12898 = 56*k. Is k composite?
False
Is ((-5)/(-4))/5 + 4214/8 prime?
False
Suppose n - 5*n - 16 = 0. Let i = 1 + n. Is 1 + (i - -2) - -163 composite?
False
Suppose 3*z + 12 = -3*s, 2*z + 9 = -3*s - 0*s. Is -1 - (63/z - -1) prime?
True
Suppose -2*b = 3*s - 91, s - 5*b = -2*s + 119. Is s a composite number?
True
Let c(l) = l**3 - 7*l**2 - 8*l. Suppose 0 = f - 3*o + 4, 3*f = 4*o + o + 4. Let d be c(f). Suppose d = 4*g + 2 - 94. Is g a prime number?
True
Is (-4)/(4 + 0)*-103 composite?
False
Suppose 7*c = 3*c + 4*r + 20, -3*r = 0. Let n(j) = 6 + 2*j**2 + 4*j - j**2 - c. Is n(8) a composite number?
False
Let j(o) = -o**3 + 14*o**2 + 10*o - 13. Let x(d) = d**2 + 3*d + 10. Let i be x(-4). Is j(i) a prime number?
True
Let s = 5200 - -1753. Is s a composite number?
True
Let l(j) be the second derivative of -j**5/20 - j**4/24 + 2*j**3/3 - 4*j. Let x(y) be the second derivative of l(y). Is x(-2) composite?
False
Let t be 1/3 - 2/(-3). Let n be (-3)/(-2) - t/(-2). Suppose -3*s - n*s = -115. Is s composite?
False
Suppose -13 = -2*s - 3. Sup